ate the highest common factor of 3020725 and 150.
25
What is the highest common factor of 845 and 147277?
13
What is the highest common divisor of 1488 and 884864?
496
What is the highest common divisor of 540776 and 1472?
184
Calculate the highest common factor of 202 and 40501.
101
Calculate the highest common divisor of 363088 and 33.
11
What is the highest common divisor of 101475 and 2091?
123
Calculate the greatest common factor of 3 and 19740.
3
What is the highest common factor of 416 and 11258?
26
What is the greatest common factor of 7931 and 113113?
77
What is the highest common factor of 4109987 and 679?
679
What is the highest common divisor of 108 and 22788?
108
Calculate the highest common divisor of 14 and 1858.
2
What is the greatest common divisor of 76 and 1996?
4
What is the highest common divisor of 65608 and 3127?
59
What is the highest common divisor of 969 and 65493?
57
What is the greatest common divisor of 694849 and 608?
19
What is the greatest common divisor of 11924 and 4092?
44
Calculate the greatest common factor of 170130 and 90.
30
What is the highest common divisor of 5051648 and 768?
256
Calculate the greatest common factor of 27816 and 367464.
1464
Calculate the highest common factor of 3367 and 17871.
259
What is the highest common factor of 1369 and 10175?
37
Calculate the greatest common divisor of 17900 and 2950.
50
What is the highest common divisor of 1411671 and 23?
23
Calculate the greatest common divisor of 32792 and 204.
4
What is the greatest common divisor of 128742 and 774?
258
Calculate the greatest common factor of 4611 and 477.
159
What is the greatest common factor of 42 and 151431?
21
Calculate the greatest common factor of 61 and 39467.
61
What is the greatest common factor of 7344 and 1632?
816
Calculate the greatest common divisor of 65195 and 35282.
767
Calculate the highest common divisor of 1462 and 9546.
86
What is the greatest common divisor of 249 and 501154?
83
Calculate the highest common factor of 165 and 55275.
165
What is the highest common factor of 19931 and 57?
19
Calculate the highest common divisor of 435 and 32335.
145
Calculate the highest common divisor of 482031 and 2673.
891
What is the highest common divisor of 108539 and 2177?
311
What is the highest common factor of 128 and 238528?
64
What is the greatest common factor of 629 and 6253?
37
What is the highest common divisor of 155 and 45835?
5
Calculate the highest common divisor of 11515 and 245.
245
What is the highest common divisor of 4740 and 120?
60
Calculate the greatest common factor of 105 and 23555.
35
Calculate the greatest common divisor of 26 and 3935737.
13
Calculate the highest common divisor of 287 and 16769.
41
What is the highest common divisor of 13011735 and 737?
737
Calculate the greatest common factor of 75 and 253375.
25
Calculate the greatest common divisor of 376131 and 21.
21
Calculate the highest common factor of 138725 and 2480.
155
What is the greatest common factor of 36421 and 63525?
847
Calculate the highest common factor of 14 and 26007422.
14
What is the greatest common divisor of 29 and 569?
1
What is the highest common divisor of 1512 and 285012?
756
Calculate the greatest common divisor of 750 and 3306.
6
What is the greatest common factor of 1807 and 3250?
13
What is the highest common divisor of 366876 and 258?
258
What is the highest common factor of 45846 and 1350?
54
What is the highest common divisor of 136 and 15056?
8
What is the highest common factor of 37848 and 304?
152
Calculate the greatest common divisor of 9008039 and 53.
53
Calculate the highest common divisor of 226695 and 85.
85
What is the highest common factor of 793444 and 3385?
677
Calculate the greatest common divisor of 15651 and 9990.
333
What is the greatest common factor of 485022 and 2824?
706
Calculate the highest common divisor of 921624 and 44.
44
What is the highest common factor of 3140 and 320?
20
Calculate the greatest common divisor of 19796 and 43228.
404
What is the greatest common divisor of 7098 and 2170?
14
Calculate the highest common divisor of 213979 and 17.
17
Calculate the greatest common factor of 391 and 230736.
23
Calculate the highest common divisor of 96 and 321108.
12
Calculate the greatest common divisor of 6 and 125898.
6
What is the greatest common divisor of 60 and 682700?
20
Calculate the greatest common factor of 190333 and 22.
11
Calculate the highest common factor of 30 and 45035.
5
What is the greatest common divisor of 501371 and 377?
13
What is the greatest common factor of 2 and 7022?
2
What is the highest common divisor of 167785 and 115?
115
Calculate the highest common divisor of 4803531 and 87.
87
What is the greatest common factor of 15423 and 291?
291
Calculate the greatest common divisor of 294379 and 29.
29
Calculate the highest common factor of 17272 and 13872.
136
What is the highest common factor of 35980 and 1680?
140
What is the highest common factor of 51818 and 78?
26
Calculate the greatest common divisor of 517306 and 71.
71
What is the greatest common divisor of 21 and 41979?
21
Calculate the greatest common factor of 7525 and 1715.
35
What is the greatest common divisor of 392 and 2512?
8
What is the greatest common divisor of 1580 and 26228?
316
What is the highest common divisor of 16308 and 138?
6
Calculate the greatest common divisor of 765 and 21555.
45
What is the highest common factor of 3281 and 12478?
17
Calculate the highest common divisor of 15037 and 1.
1
What is the highest common divisor of 200 and 27100?
100
What is the highest common factor of 156 and 816816?
156
Calculate the highest common divisor of 97 and 402841.
97
Calculate the highest common divisor of 61294 and 532.
38
What is the highest common divisor of 3504 and 18?
6
Calculate the highest common factor of 2 and 28668.
2
Calculate the greatest common divisor of 84 and 29268.
12
What is the highest common factor of 1476 and 38745?
369
Calculate the highest common divisor of 22 and 1789843.
11
What is the greatest common divisor of 1424 and 1005611?
89
What is the highest common factor of 4864 and 51456?
256
What is the greatest common factor of 43 and 13368700?
43
What is the highest common divisor of 26508 and 25944?
564
Calculate the greatest common factor of 136 and 55182.
34
Calculate the greatest common divisor of 440 and 1265.
55
What is the highest common divisor of 4186 and 78?
26
Calculate the greatest common factor of 158004 and 969.
57
What is the greatest common divisor of 2918418 and 524?
262
What is the highest common divisor of 61 and 776652?
61
Calculate the greatest common factor of 64831 and 39.
13
What is the greatest common factor of 2301 and 295503?
39
Calculate the greatest common divisor of 4 and 237736.
4
What is the greatest common divisor of 46989 and 345?
69
What is the greatest common divisor of 183471 and 1311?
69
What is the greatest common factor of 7250 and 54?
2
What is the highest common factor of 17540 and 160?
20
What is the greatest common divisor of 36 and 2765547?
9
What is the greatest common divisor of 854 and 6538?
14
What is the greatest common divisor of 2106 and 72603?
27
Calculate the greatest common factor of 1482 and 12480.
78
What is the highest common factor of 312 and 91962?
78
What is the highest common factor of 429 and 1846?
13
Calculate the greatest common factor of 24607 and 253.
11
What is the greatest common divisor of 17 and 33739?
1
Calculate the greatest common divisor of 15543 and 990.
99
Calculate the highest common factor of 2656 and 2562044.
332
Calculate the greatest common factor of 28 and 76188.
28
What is the highest common factor of 541093 and 357?
119
What is the greatest common factor of 722504 and 16?
8
What is the greatest common divisor of 3638 and 136?
34
What is the greatest common divisor of 663 and 26418?
51
What is the greatest common factor of 522027 and 99?
99
What is the greatest common divisor of 22976 and 112?
16
Calculate the greatest common divisor of 770 and 217.
7
Calculate the greatest common divisor of 938 and 48106.
134
Calculate the highest common divisor of 592 and 87912.
296
What is the greatest common factor of 126247 and 55?
11
What is the greatest common divisor of 126 an